+ 0. Let j(h) = -h**3 + 6*h**2 - h + 5. What is j(i)?
-1
Let i(x) = 4. Let g(a) = -2*a - 3. Let f(m) = g(m) + 3*i(m). Calculate f(10).
-11
Suppose -2*q - 7 = -7. Let y(c) = c + 16. Determine y(q).
16
Suppose 0 = -82*y + 158 + 88. Let g(i) be the third derivative of 1/60*i**5 + 0*i**4 + 0 + 0*i + 10*i**2 + 1/120*i**6 + 0*i**y. Give g(-2).
-4
Let p = 28 - 34. Let g(r) be the first derivative of 7/2*r**2 + 1/4*r**4 + 7/3*r**3 - 3*r + 1. What is g(p)?
-9
Suppose 25 = s + 5*t, -s - 21 = -6*s + t. Let o(j) = j - 4. Determine o(s).
1
Let r(m) = m**3 + 4*m**2 - 2. Suppose 17 = -28*j - 39. What is r(j)?
6
Let n(p) = 7*p**3 - 25*p**2 + 41*p + 23. Let s(v) = -10*v**3 + 39*v**2 - 61*v - 35. Let l(b) = 7*n(b) + 5*s(b). Calculate l(19).
5
Let i be -2 - -2 - (-2)/2. Let q = i - 3. Let t(g) = 2*g**2 + g - 2. Determine t(q).
4
Let o be -2 - 2/(-2)*2. Suppose j - 19 = 3*j - 5*b, -5*b + 25 = o. Let c(h) = j + 3 - 2 - 2*h. Determine c(3).
-2
Let r = 734 + -717. Let w(g) = -g**3 + 16*g**2 + 17*g - 14. Determine w(r).
-14
Let m(r) = -r + 93 - 34 - 27 - 33. Calculate m(10).
-11
Let u(x) = 2*x - 13. Let q(s) = 7*s**2 + s + 1. Let h be q(1). Determine u(h).
5
Let q(h) = 2 - 1 - 2. Let r(t) = -t - 8. Let y(k) = 4*q(k) - r(k). Let v = -329 - -325. Determine y(v).
0
Let h be (-10)/(-15)*(-18)/(-4). Suppose d = h - 6. Let p(k) be the first derivative of 2*k**3/3 + 2*k**2 + k + 90. What is p(d)?
7
Let g(b) = 82*b + 76*b - 239*b + b**2 + 79*b. Calculate g(5).
15
Let n(s) = s - 4. Let v(a) = a. Let r(o) = n(o) - 3*v(o). Determine r(-6).
8
Let p be (-4)/5*90/(-36). Suppose -2*w - 3*h - h + 8 = 0, p*h = w - 8. Let t(a) = -a**3 + 6*a**2 + a + 1. Give t(w).
7
Let a(h) be the second derivative of -13*h - 1/3*h**4 - 1/20*h**5 + 0 + h**3 - 7/2*h**2. Give a(-5).
-12
Let t(v) = -v + 11. Suppose 15 = 3*w + 3, -52 = -5*u - 3*w. Give t(u).
3
Let s(v) = 3*v - 6. Suppose -2*c + 2 = -6. Let i(f) = f**3 + 7*f**2 - f - 6. Let z be i(-7). Let d(a) = -a. Let q(o) = c*d(o) + z*s(o). Determine q(-5).
-1
Let h(c) = -2*c**2 + c + 13. Let v(b) = -6*b**2 + 3*b + 38. Let p(n) = 17*h(n) - 6*v(n). Calculate p(-2).
3
Let r(d) = -d - 1 - 3 - 4. Let n be 42/15 + (-1)/(-5). Let p = -9 + n. Calculate r(p).
-2
Let m(a) = -a**3 + 8*a**2 - 4*a + 8. Suppose -4*v + l + 6 = -21, l - 45 = -5*v. Give m(v).
-24
Let u(m) = 3*m**3 - 52*m**2 + 31*m**2 + m**3 + 3 + 4*m. Let c be u(5). Let p(j) = -j**3 + j. Determine p(c).
6
Let g = -1 + -10. Let w(h) = -13*h + 1. Let j(d) = -16*d. Let s(k) = -9*j(k) + 11*w(k). Give s(g).
0
Let y(k) = -33*k**2 - 2*k + 3. Let a(g) = 15*g**2 + g - 1. Let f(u) = 7*a(u) + 3*y(u). Calculate f(-1).
7
Let r(g) be the second derivative of -5*g - 1/6*g**3 + 0 + 0*g**2. What is r(6)?
-6
Suppose -55 - 39 + 8 = 86*r. Let o = -2 - -1. Let m(k) = -12*k + 5. Let y(b) = -1. Let t(d) = o*m(d) - 4*y(d). Determine t(r).
-13
Let y(u) = 15*u**2 + 4*u - 62. Let m(h) = -7*h**2 - 2*h + 29. Let g(v) = -13*m(v) - 6*y(v). Let r(t) = -t**3 + 4*t**2 + 4*t. Let j be r(5). Calculate g(j).
10
Let g(t) = 3*t - 4. Let h be (-1 - 7*-1)/(10 + -9). Let n be (-4)/(-1)*((-29)/(-4) - h). Determine g(n).
11
Let a = -20 - -33. Let z = a + -17. Let w(i) = -i - 3. What is w(z)?
1
Let t(z) = z**3 + z**2 + 8. Let u = -97 + 97. Determine t(u).
8
Let x = 3 + 0. Suppose 0*t - 3 = -x*t. Let y(l) = -2*l - 2. Let c(a) = 10*a + 13. Let f(g) = c(g) + 7*y(g). Calculate f(t).
-5
Let p(m) be the second derivative of -m**4/12 + 11*m**3/6 - 5*m**2 - 103*m. Give p(10).
0
Let y(o) = 3*o - 3. Suppose -m - 14 = -4*f, 4*m = 5*f + 9 - 32. Calculate y(f).
6
Suppose -r = -4*l + 19, 2*l - 3*r = -0*r - 3. Let s be (-584)/(-24) - 4/(-6). Let y(q) = 5*q - s + 33 - 2*q - 4*q. Give y(l).
2
Let d(k) = 3*k - 10. Let p(x) be the second derivative of 7*x**3/6 - 11*x**2 + 43*x. Let a(h) = -5*d(h) + 2*p(h). Calculate a(3).
3
Let g(t) be the second derivative of 2*t**3/3 + 30*t. Give g(8).
32
Let b(f) = f**3 + f**2 + 13*f. Let p(h) = h**3 + 17*h + 1. Let o(y) = 4*b(y) - 3*p(y). What is o(-3)?
3
Let g(i) be the third derivative of 0*i + 0*i**3 + 0 + 0*i**4 - 1/60*i**5 - 2*i**2. Let l(u) = 6*u**2 - 5*u - 3. Let v(p) = -5*g(p) - l(p). Give v(6).
-3
Let d(h) = h**3 + 4*h**2 - h - 1. Let w = -260 - -256. Determine d(w).
3
Let c(j) = 7*j**2 + 2*j - 7. Let o(i) = -4*i**2 - i + 4. Let m(a) = 3*c(a) + 5*o(a). Let k(t) = t**3 + 10*t**2 + 11*t - 3. Let b(y) = k(y) - 5*m(y). Give b(-4).
-6
Let y(w) = -674*w**2 + 24 + 20*w - 6*w + 675*w**2. Determine y(-12).
0
Let l(k) = 3*k - 4. Let u(j) = -j**2 + 3*j + 5. Let v be u(0). Suppose 2*r - v + 17 = 0. Determine l(r).
-22
Let u(p) = -9*p - 3*p + 13 + 19*p - 6*p - 15*p**2 - p**3. Determine u(-15).
-2
Let j(k) = -2*k + 6. Let v(o) = 3*o - 8. Let s(q) = -5*j(q) - 3*v(q). What is s(-8)?
-14
Let x(j) = -7*j**2 + 5*j**3 + 3 - 6*j - 4*j**3 - 2*j**3. Let d be (4 - -2) + 32/(-3) + 11/(-33). Calculate x(d).
-17
Suppose -5*x = r - 2, 4*x + 5 - 3 = r. Let f(c) = -3*c**3 + 4*c**2 - 12*c + 5. Let a(t) = t**3 - t**2 + 5*t - 2. Let s(y) = -5*a(y) - 2*f(y). Give s(r).
-6
Let r(j) = 4*j + 2. Suppose 0 = -0*t + 2*t - 8. Suppose -t*o + 2*o = 46. Let i = o - -21. Give r(i).
-6
Let b(m) = -m**2 + 3*m - 5. Let i be b(4). Let t(q) = -17 + 30 - 3*q + 4*q. Determine t(i).
4
Suppose -24 + 42 = 6*w. Let a(f) = w - 4 - f**3 + 3 + 1 + 7*f + 5*f**2. What is a(6)?
9
Suppose -4*u + 4*a = 0, 2*a = 3*u + 9 - 13. Let s(m) be the first derivative of m**2 - m + 1. Determine s(u).
7
Let d(o) = -o**3 + 2*o**2 + 2*o - 2. Suppose 5*h - 5 = -5*q, 6 = 2*q - 4*h - 2. Let s be (q - -1 - 0) + 2. Let i be (-9)/s + 6/(-30). Determine d(i).
10
Let o(c) = c**3 - 6*c**2 - 5*c + 24. Let k be o(6). Let h(q) = -q**2 - 13*q - 2. Calculate h(k).
40
Let k(b) = -b**2 - 6*b - 9. Let x(q) = 6*q**2 + 6*q - 7. Let n be x(1). Suppose -4*o + 42 = -n*y, 18 = -2*y + o + o. Determine k(y).
-9
Let c(i) = -i**3 - i**2 - i - 1. Suppose 0 = 5*p - 4*p - 4. Suppose 0 = 3*v - p*v + 6. Let h(j) = -j**3 + 6*j**2 - 1. Let b be h(v). Determine c(b).
0
Let h = 9 - 2. Let l(r) be the second derivative of r**3/2 + r**2 - r - 277. Calculate l(h).
23
Let n(v) = -4*v - 2. Let r(y) = -y**3 + 8*y**2 - 8*y + 9. Let h be r(7). Give n(h).
-10
Let q(g) = g**2 - 9*g + 11. Let k be q(8). Let r(h) = 4*h - 3. Determine r(k).
9
Let d be (-6)/(-9) + 24/(-9) + 3. Let w(a) = -4 - d - 1 - 5 - a. Calculate w(0).
-11
Let y = -32 - -36. Suppose y = -j - 4. Let h = j - -6. Let p(o) = -3*o**2 - 2*o + 2. Determine p(h).
-6
Let o(q) be the second derivative of q**7/2520 - 7*q**6/720 + q**5/24 - 7*q**4/12 - 7*q. Let d(u) be the third derivative of o(u). Give d(5).
-5
Let z be 8 - (-1 - -4 - -7). Let k(y) = -4*y**3 - 3*y**2 - y - 1. Give k(z).
21
Let o(n) be the first derivative of -n**5/60 - 5*n**4/12 - 11*n**3/6 + 9*n**2/2 + 2. Let p(t) be the second derivative of o(t). Give p(-8).
5
Let n(v) = 4*v - 21. Let t(m) = 2*m - 11. Let b(x) = 4*n(x) - 7*t(x). Calculate b(7).
7
Let v(t) be the second derivative of -1/6*t**3 + 2*t**2 + 11*t + 0. Determine v(6).
-2
Let j be -1*(1 - 1 - 2). Let c(g) = 0*g**2 - 2*g**2 + 3*g**j + 0*g**2 + 4 - 6*g. What is c(6)?
4
Let i = 10 - -4. Let b = i - 6. Let a(h) = -h**3 + 9*h**2 - 8*h. Give a(b).
0
Let b(f) = f**2 + 3*f - 1. Let m = 35 - 33. What is b(m)?
9
Let y(q) be the second derivative of q**7/840 - q**6/72 - q**5/40 + q**4/24 + q**3 - 26*q. Let d(h) be the second derivative of y(h). Determine d(3).
-26
Let p(f) = -f**2 + 6*f + 7. Suppose 2*q + 5 = 3*q. Suppose 16 - 46 = -q*n. Calculate p(n).
7
Let l(v) = v**3 + 2*v**2 + v. Let g = -30 - -35. Suppose -k - 11 = g*i + 2, 2*i + 19 = -5*k. Give l(i).
-2
Let p be (4/12)/((-6)/234). Let v(r) = 2*r**2 + 23*r - 27. Let h be v(p). Let o(q) = -q + 8. Determine o(h).
-4
Let r(j) be the second derivative of 5*j**4/12 + j**3/6 - 3*j - 7. Give r(1).
6
Suppose 7*l + 3 = 3*j + 3*l, 0 = 2*j + 2*l - 16. Let u be 22/(-10) + (1/j - 0). Let k(v) be the first derivative of -v**2/2 + 2*v + 6. What is k(u)?
4
Suppose 17*g - 52 - 16 = 0. Let a(r) be the first derivative of -r**3 + 1 + 2*r - 5/2*r**2 + 1/4*r**4. Give a(g).
-2
Let i = 21 - 14. Suppose 4*g + i = -9. Let c be g/(-10) - 52/(-20). Let s(x) = x**2 + x. Give s(c).
12
Let p(q) = 2*q**3 - 3*q**2 + 1. Let u(a) = a**2 - 8*a + 5. Let v be u(8). Suppose v*b - 12 = g, 0 = -5*b - 7*g + 2*g. Give p(b).
5
Let t(p) = 0*p**2 + 